Convert 223 (base 4) to base 6.
111
What is -114 (base 5) in base 11?
-31
What is 10 (base 2) in base 13?
2
-445 (base 8) to base 13
-197
2a (base 11) to base 4
200
67 (base 12) to base 14
59
110 (base 6) to base 14
30
-3 (base 6) to base 9
-3
3 (base 16) to base 4
3
What is -200 (base 4) in base 7?
-44
Convert -d5 (base 15) to base 8.
-310
-6 (base 10) to base 15
-6
1011 (base 4) to base 10
69
Convert 1 (base 13) to base 10.
1
133 (base 4) to base 9
34
What is 1 (base 8) in base 6?
1
Convert 4 (base 8) to base 11.
4
What is -310 (base 5) in base 4?
-1100
Convert 178 (base 12) to base 6.
1032
Convert -3 (base 6) to base 15.
-3
What is -1 (base 4) in base 3?
-1
3 (base 9) to base 7
3
What is 12 (base 4) in base 11?
6
Convert -3 (base 9) to base 13.
-3
What is -11 (base 14) in base 12?
-13
What is 32 (base 14) in base 13?
35
-11 (base 4) to base 3
-12
Convert -1 (base 9) to base 2.
-1
Convert -a (base 13) to base 8.
-12
18 (base 9) to base 14
13
What is 101 (base 3) in base 8?
12
Convert 3 (base 12) to base 14.
3
What is -4 (base 14) in base 3?
-11
What is -c9 (base 14) in base 2?
-10110001
Convert 66 (base 10) to base 9.
73
-210 (base 4) to base 3
-1100
What is 24 (base 7) in base 14?
14
2 (base 14) to base 16
2
7 (base 13) to base 16
7
Convert -10000011 (base 2) to base 6.
-335
What is -37 (base 8) in base 16?
-1f
10 (base 2) to base 9
2
11 (base 2) to base 13
3
Convert 0 (base 8) to base 14.
0
Convert 5 (base 15) to base 4.
11
Convert -1000111 (base 2) to base 14.
-51
Convert 3 (base 10) to base 8.
3
What is 5 (base 7) in base 15?
5
-9 (base 15) to base 9
-10
3c (base 14) to base 13
42
Convert -11110 (base 3) to base 4.
-1320
-102 (base 3) to base 6
-15
Convert -9 (base 15) to base 10.
-9
What is 5 (base 8) in base 14?
5
Convert 10 (base 4) to base 10.
4
2 (base 9) to base 5
2
187 (base 10) to base 13
115
3 (base 14) to base 12
3
What is 24 (base 5) in base 9?
15
1 (base 13) to base 15
1
-7 (base 13) to base 14
-7
What is 3 (base 14) in base 7?
3
What is -24 (base 16) in base 6?
-100
2 (base 12) to base 13
2
Convert 311 (base 9) to base 8.
375
What is 26 (base 15) in base 11?
33
Convert 1d (base 14) to base 13.
21
-6 (base 13) to base 3
-20
Convert 5 (base 9) to base 3.
12
Convert -1101110 (base 2) to base 16.
-6e
What is -451 (base 6) in base 2?
-10101111
What is 2 (base 9) in base 4?
2
Convert -2 (base 7) to base 6.
-2
0 (base 12) to base 4
0
101 (base 4) to base 7
23
27 (base 15) to base 16
25
What is 0 (base 8) in base 10?
0
-4 (base 16) to base 11
-4
-52 (base 13) to base 8
-103
Convert -29 (base 10) to base 11.
-27
Convert 13 (base 12) to base 2.
1111
Convert -4 (base 8) to base 6.
-4
Convert -13 (base 15) to base 2.
-10010
Convert -27 (base 11) to base 12.
-25
Convert -2 (base 4) to base 5.
-2
9 (base 11) to base 13
9
What is 1 (base 2) in base 13?
1
What is -a3 (base 13) in base 10?
-133
What is -4 (base 9) in base 6?
-4
Convert -6d (base 14) to base 15.
-67
1101 (base 2) to base 16
d
3 (base 8) to base 16
3
-2 (base 14) to base 7
-2
-24 (base 10) to base 14
-1a
-32 (base 4) to base 9
-15
8 (base 9) to base 11
8
What is 3d (base 16) in base 13?
49
Convert c8 (base 14) to base 2.
10110000
1232 (base 4) to base 7
215
4 (base 13) to base 9
4
Convert -11 (base 2) to base 15.
-3
Convert 0 (base 5) to base 12.
0
424 (base 5) to base 15
79
Convert 0 (base 3) to base 6.
0
Convert 1 (base 6) to base 7.
1
What is -2d (base 16) in base 4?
-231
-21 (base 11) to base 10
-23
What is 0 (base 9) in base 14?
0
Convert -32 (base 16) to base 10.
-50
What is 12 (base 10) in base 2?
1100
Convert 41 (base 5) to base 14.
17
-1 (base 5) to base 9
-1
What is 3 (base 13) in base 16?
3
What is -1 (base 11) in base 9?
-1
What is -8 (base 14) in base 15?
-8
What is -2 (base 8) in base 5?
-2
What is 1320 (base 5) in base 14?
110
What is 11 (base 3) in base 15?
4
What is -2 (base 4) in base 14?
-2
Convert -11 (base 2) to base 8.
-3
-5e (base 15) to base 13
-6b
What is 3 (base 7) in base 16?
3
208 (base 10) to base 13
130
What is -2 (base 11) in base 9?
-2
What is 1 (base 13) in base 8?
1
What is -12 (base 4) in base 5?
-11
What is 0 (base 12) in base 6?
0
14 (base 10) to base 9
15
What is -3 (base 5) in base 12?
-3
What is -1010111 (base 2) in base 12?
-73
What is 110 (base 2) in base 13?
6
What is -12 (base 9) in base 16?
-b
34 (base 15) to base 7
100
What is 10 (base 4) in base 12?
4
What is 11 (base 4) in base 9?
5
What is a1 (base 14) in base 7?
261
What is -59 (base 12) in base 4?
-1011
Convert -9 (base 14) to base 16.
-9
Convert -100 (base 2) to base 16.
-4
-5 (base 6) to base 5
-10
What is 220 (base 6) in base 14?
60
What is 2 (base 5) in base 16?
2
Convert -4 (base 16) to base 8.
-4
Convert -4 (base 8) to base 12.
-4
What is -221 (base 8) in base 6?
-401
Convert 54 (base 9) to base 5.
144
What is -1232 (base 4) in base 3?
-11002
Convert -1 (base 6) to base 7.
-1
What is -17 (base 10) in base 8?
-21
c (base 15) to base 8
14
-32 (base 14) to base 6
-112
221 (base 3) to base 13
1c
Convert -12 (base 12) to base 8.
-16
210 (base 8) to base 9
161
Convert -16 (base 10) to base 14.
-12
20 (base 5) to base 16
a
What is 14 (base 5) in base 14?
9
Convert -1 (base 7) to base 11.
-1
What is -1 (base 2) in base 10?
-1
1 (base 5) to base 11
1
Convert 1 (base 8) to base 9.
1
Convert 232 (base 8) to base 10.
154
What is 10 (base 6) in base 9?
6
What is 3 (base 10) in base 6?
3
-17 (base 12) to base 10
-19
Convert 1 (base 7) to base 15.
1
What is -17 (base 11) in base 10?
-18
Convert -1 (base 6) to base 10.
-1
4 (base 15) to base 10
4
Convert 13 (base 11) to base 5.
24
Convert -10 (base 7) to base 5.
-12
Convert -21 (base 10) to base 6.
-33
What is 122 (base 7) in base 5?
230
What is -11 (base 8) in base 16?
-9
Convert 13 (base 5) to base 8.
10
0 (base 2) to base 14
0
What is -a (base 11) in base 12?
-a
Convert -3c (base 14) to base 16.
-36
What is -134 (base 5) in base 15?
-2e
What is 13 (base 11) in base 10?
14
Convert 8 (base 15) to base 7.
11
Convert -191 (base 14) to base 3.
-102222
Convert 10020 (base 3) to base 9.
106
110 (base 4) to base 12
18
-4 (base 10) to base 2
-100
What is -cb (base 15) in base 10?
-191
What is -13a (base 11) in base 7?
-323
What is -26 (base 9) in base 2?
-11000
Convert 3 (base 8) to base 10.
3
-10101000 (base 2) to base 14
-c0
What is -1210 (base 3) in base 7?
-66
-37 (base 16) to base 11
-50
Convert 3 (base 12) to base 7.
3
Convert e (base 16) to base 6.
22
What is -85 (base 9) in base 3?
-2212
What is -3202 (base 4) in base 13?
-145
-2 (base 4) to base 11
-2
Convert -1 (base 12) to base 9.
-1
What is -2 (base 16) in base 9?
-2
What is -82 (base 9) in base 4?
-1022
Convert 14 (base 9) to base 12.
11
What is -55 (base 16) in base 2?
-1010101
Convert 28 (base 14) to base 15.
26
11 (base 3) to base 7
4
Convert -4 (base 9) to base 2.
-100
d (base 15) to base 7
16
Convert 4 (base 5) to base 3.
11
-9 (base 15) to base 4
-21
What is 9 (base 11) in base 7?
12
What is -4 (base 11) in base 10?
-4
What is -144 (base 5) in base 11?
-45
2002 (base 4) to base 15
8a
Convert 5 (base 12) to base 16.
5
What is -1110 (base 2) in base 12?
-12
-45 (base 14) to base 13
-49
3 (base 16) to base 12
3
1 (base 13) to base 16
1
Convert 44 (base 5) to base 8.
30
What is -101020 (base 3) in base 16?
-114
What is c (base 16) in base 4?
30
Convert -2 (base 6) to base 16.
-2
Convert -11 (base 7) to base 3.
-22
-2 (base 14) to base 2
-10
-220 (base 3) to base 10
-24
What is 176 (base 9) in base 7?
303
What is 103 (base 7) in base 3?
1221
What is d (base 14) in base 4?
31
Convert 4 (base 6) to base 9.
4
Convert -100 (base 3) to base 5.
-14
Convert -6 (base 15) to base 3.
-20
Convert -5 (base 8) to base 4.
-11
What is 21 (base 14) in base 16?
1d
Convert 10221 (base 3) to base 14.
78
What is -173 (base 9) in base 15?
-9c
What is -50 (base 9) in base 4?
-231
What is 12 (base 14) in base 4?
100
Convert 32 (base 7) to base 11.
21
-c (base 16) to base 5
-22
Convert -18 (base 11) to base 15.
-14
4 (base 14) to base 16
4
-16 (base 11) to base 14
-13
What is 6 (base 8) in base 15?
6
-4d (base 15) to base 9
-81
Convert 182 (base 10) to base 2.
10110110
What is 2 (base 13) in base 14?
2
2311 (base 4) to base 8
265
12 (base 16) to base 9
20
Convert 2 (base 12) to base 14.
2
Convert 